reatest common divisor of j and 248.
31
Let p = 31 + -22. Suppose 0 = 3*t + p - 9. Suppose -5*g + t*g = 5*u - 20, -2*g - 4 = 5*u. Calculate the greatest common divisor of 88 and g.
8
Let g = -46 - -54. Let q(y) = -g*y - 5*y - 95 + 86. Let n be q(-4). What is the highest common divisor of 43 and n?
43
Let d(u) = 75*u**2 + 56*u + 500. Let a be d(-16). Calculate the greatest common divisor of a and 24.
12
Suppose -5*v - 4*v = 234. Let d = 36 + v. Suppose -d*j = -13*j + 24. Calculate the highest common factor of j and 16.
8
Suppose 0 = y + 4*y + 3*v + 45, 5*v = 3*y - 7. Let t(l) = -l**2 - 7*l. Let d be t(y). What is the highest common divisor of 6 and d?
6
Suppose -q - 4*w = -3*w - 8963, 0 = -3*q + 3*w + 26907. Suppose -2234 = 36*j - q. Let c = 39 + -22. What is the highest common divisor of c and j?
17
Suppose -5*b - l = -117, 2*l = -2*b + 3*l + 51. Suppose -1725 = -b*n + 5571. What is the highest common factor of 19 and n?
19
Let j(v) = 14*v**2 + v + 1. Let y be j(-2). Suppose 9*m - 98 = -5*f + 13*m, -5*m + 37 = f. What is the highest common factor of y and f?
11
Let f = -112 - -113. Let n = 31 - f. What is the greatest common factor of 60 and n?
30
Suppose -39*p - 15*p + 4200 = -4*p. Suppose 4*x + 3*v - 230 = 0, 5*x - 4*v + v = 274. Calculate the greatest common factor of p and x.
28
Let a(i) = -i**3 + 44*i**2 + 94*i - 41. Let b be a(46). What is the greatest common factor of 867 and b?
51
Suppose -86720 = 50*g - 91970. What is the greatest common factor of g and 54705?
105
Let l = 131 + -139. Let m(o) = -o**3 - 8*o**2 - 6*o - 34. Let a be m(l). What is the highest common divisor of a and 8?
2
Let w(a) = 14*a + 44. Suppose -21*x + 19 = -128. Let l be w(x). Calculate the highest common factor of 71 and l.
71
Let z = 11500 - 11394. Calculate the highest common factor of 13 and z.
1
Let d = -221 + 190. Let v(w) = -w**2 - 29*w + 66. Let o be v(d). Let l = -3 + 31. What is the highest common factor of l and o?
4
Suppose -18*p - 5*d = -17*p - 1046, 0 = d - 4. Calculate the greatest common divisor of p and 270.
54
Let m(v) = 141*v + 25. Let l be m(3). Suppose -6*r - 4 = -l. Let d = -50 + r. What is the greatest common divisor of 3 and d?
3
Suppose 51*d - 18032 = -4808 + 12480. Let f be (2/(-1))/((-2)/56). Calculate the greatest common divisor of f and d.
56
Let v = -1332 - -1632. Calculate the highest common divisor of v and 24.
12
Let p = 328 + 74. Let f = p - 337. Calculate the greatest common divisor of f and 39.
13
Let s be 106 + 3 - (-1 - -2). Let t = 145 - 90. Suppose -q = -3*z - 27, 5*q + 25*z = 24*z + t. Calculate the highest common divisor of q and s.
12
Suppose -91*j + 107*j - 23616 = 0. Calculate the highest common factor of 820 and j.
164
Let t be (-294 + 302)*((-2992)/(-14) + (-4)/(-14)). Calculate the highest common divisor of 535 and t.
107
Suppose -3*w - 50756 = 696*q - 700*q, 4 = w. What is the highest common factor of 76 and q?
76
Let p(r) = 49*r**2 + 1. Let d be p(-1). Suppose 1893 = -13*t - 3008. Let z = 397 + t. What is the highest common factor of z and d?
10
Let t = 205 + -161. Suppose t*x = 42*x + 494. Calculate the highest common divisor of x and 57.
19
Let x = 1888 + -1858. Let l(z) be the first derivative of -7*z**2 + 2*z + 5. Let y be l(-2). What is the greatest common divisor of y and x?
30
Let u = -183 - -300. Let z(j) = 7*j**2 + 156*j - 38. Let y be z(-24). Suppose -y = -43*s + 309. Calculate the greatest common divisor of s and u.
13
Let v(x) = 213*x + 4902. Let j be v(-23). Suppose 2*f + 5*k = -f + 8, -4*k = 8. Calculate the greatest common factor of f and j.
3
Suppose -100*p - 378 = -101*p. Suppose 7*v - 3*v + 5*d = 289, 4*v = d + 283. Suppose -68*i = -v*i + 162. Calculate the highest common divisor of i and p.
54
Suppose -n = -2*m + 7 + 130, 4*m - 4*n = 284. Let u be (-862)/(-12) + 11/m. Calculate the highest common divisor of 8 and u.
8
Let f be -19 - (-68 - (-23 + 8)). What is the greatest common divisor of 4369 and f?
17
Suppose 5*p = 2*u - 525, -4*u - 84*p + 994 = -86*p. Calculate the highest common factor of u and 245.
245
Let b(p) = 8*p**2 - 26*p + 203. Let d be b(7). What is the highest common factor of d and 42?
7
Suppose -v - 5*s = -9, 19*v - 4*s = 15*v + 156. Calculate the greatest common divisor of 4573 and v.
17
Let j = -4377 + 4425. What is the highest common divisor of 68 and j?
4
Suppose -8*m - 769 = -41. Let r = m + 118. Calculate the highest common factor of r and 18.
9
Suppose -q + 14141 = 2*g, -56564 = -4*q + 855*g - 856*g. What is the greatest common factor of 179 and q?
179
Suppose 0 = 5*q + 5*z - 805, 0 = 5*q - z + 332 - 1131. Let b be (8 - -4)/((-1)/(-5)). Calculate the highest common divisor of q and b.
20
Let r be -9*((-7)/((-21)/(-6)) - -1). Suppose r*i - 47 - 25 = 0. Suppose -h + 4*m = -32, h - m + i = -5*m. Calculate the greatest common divisor of 30 and h.
6
Let n(r) = 17*r - 5. Let v be n(1). Let x = -20 - 10. Let s be 7*-2*x/35. Calculate the greatest common factor of v and s.
12
Let b be 350/(-6)*(-1 + 32/(-40)). Calculate the greatest common divisor of 5145 and b.
105
Let j be (-876)/(-32) + (-19)/((-608)/(-12)). Calculate the highest common factor of j and 54.
27
Let m be 3328 + (11 - 3) + 2 + 3 + -8. What is the greatest common factor of m and 11?
11
Let j be 6/4*24/18. Suppose 0 = 178*v - 171*v - 56. Suppose -h - 3*z = v - 35, -h + j*z + 32 = 0. What is the highest common divisor of h and 6?
6
Let g be 2/((-7)/((-2394)/12)). Suppose c + o - 51 = 6*o, 2*c - 32 = -4*o. Let m = c + 12. Calculate the highest common divisor of m and g.
19
Let b(v) = -3*v**2 - 8*v + 2. Let d be b(0). Let y be (-7 + 390/50)*2*5. What is the greatest common factor of d and y?
2
Let j(u) = u**3 - 7*u**2 + 8*u - 8. Let x be 44/8 + (5 - (-27)/(-6)). Let w be j(x). What is the greatest common factor of w and 128?
4
Let v be 5381/4*272/102 - (-2)/3. What is the greatest common factor of v and 117?
39
Suppose 19*u - 2301 - 1271 = 0. Let w = u + -36. What is the highest common factor of w and 4?
4
Let x be 10/4*(-216)/(-90). Suppose 8*a + x*a = 672. What is the highest common divisor of a and 3?
3
Let o = 20807 - 20590. Suppose -2*z - z = -93. What is the highest common factor of z and o?
31
Let o be (-14)/(36/(-24)*4/6). Let w be 10/(-90) + (-442)/(-9). Calculate the highest common divisor of o and w.
7
Let s be (0 + (-44)/40)*(-5 + -5). What is the greatest common divisor of 1397 and s?
11
Let y = -253 + 298. Let n be (-6)/(-5) - (-14036)/220 - 5. What is the greatest common factor of n and y?
15
Let j be ((-14)/(-8))/(-1 - (-65)/60). Suppose -2*i - 3 = -5*z - i, 8 = 4*i. Suppose -s = -15 + z. Calculate the greatest common divisor of s and j.
7
Let t(l) = l**2 + 103*l + 1845. Let g be t(-21). Calculate the highest common factor of 22017 and g.
123
Let f(m) = m**2 + 67*m - 2588. Let d be f(-95). Calculate the greatest common factor of d and 19476.
36
Suppose 0 = 2*l + 3*l. Suppose 0 = 4*r, l = -w - r - 2*r + 21. Suppose -20*b - 4*b = -1512. What is the highest common factor of w and b?
21
Let h(b) = 182*b**2 + 23*b - 7. Let p be h(3). Calculate the highest common factor of 408 and p.
68
Suppose -5*h + 4917 = u - 2311, -2*h = 2*u - 2896. What is the highest common divisor of 2601 and h?
289
Let n = 54 + 15. Let u = -76 + 78. Suppose 4*w + 3*s - 168 = 0, u*s - n = -3*w + 57. What is the highest common factor of w and 168?
42
Let s be ((-18)/(-27))/((-1)/(-18)). Suppose -4*l + 68 = -s. Suppose -a + 3*n + 37 = -1, 2*n + 242 = 5*a. Calculate the greatest common factor of a and l.
10
Suppose 5*v = -169 - 11. Suppose 3*c - 154 = -5*i, 0 = 55*c - 51*c - 4*i - 184. Let n = c + v. Calculate the highest common divisor of n and 3.
3
Suppose 4*c + 176 = 15*c. Suppose c = -i + 146. Calculate the highest common factor of 26 and i.
26
Let n = 22892 - 22872. Calculate the highest common divisor of n and 11930.
10
Suppose 13*n + 1596 = -1953. Let b = n + 383. What is the greatest common factor of b and 33?
11
Suppose -5*p + 4*x = -p - 376, -100 = -p + 3*x. Suppose -8*a + 3*a = -80. Let f = a - 3. Calculate the greatest common divisor of p and f.
13
Suppose 42 = -7*r + 56. Let h be 191/3 + 0 + r/6. What is the highest common divisor of 80 and h?
16
Let z(f) = 13*f - 10. Let p be z(7). Suppose -4*m - 116 = -x, 0 = 20*x - 25*x 